{"id":1820,"date":"2026-02-27T16:16:25","date_gmt":"2026-02-27T15:16:25","guid":{"rendered":"https:\/\/merely-labeled.com\/?page_id=1820"},"modified":"2026-02-27T16:32:14","modified_gmt":"2026-02-27T15:32:14","slug":"smoky-beef-wrap","status":"publish","type":"page","link":"https:\/\/merely-labeled.com\/?page_id=1820","title":{"rendered":"Smoky Beef Wrap"},"content":{"rendered":"\t\t<div data-elementor-type=\"wp-page\" data-elementor-id=\"1820\" class=\"elementor elementor-1820\" data-elementor-post-type=\"page\">\n\t\t\t\t<div class=\"elementor-element elementor-element-77b14cbf e-con-full e-flex e-con e-parent\" data-id=\"77b14cbf\" data-element_type=\"container\" data-e-type=\"container\" data-settings=\"{&quot;background_background&quot;:&quot;gradient&quot;}\">\n\t\t\t\t<div class=\"elementor-element elementor-element-63b16533 elementor-widget elementor-widget-heading\" data-id=\"63b16533\" data-element_type=\"widget\" data-e-type=\"widget\" data-widget_type=\"heading.default\">\n\t\t\t\t<div class=\"elementor-widget-container\">\n\t\t\t\t\t<h2 class=\"elementor-heading-title elementor-size-default\">Smoky Beef Wrap<\/h2>\t\t\t\t<\/div>\n\t\t\t\t<\/div>\n\t\t\t\t<div class=\"elementor-element elementor-element-188f33c3 elementor-widget__width-inherit elementor-widget-divider--view-line elementor-invisible elementor-widget elementor-widget-divider\" data-id=\"188f33c3\" data-element_type=\"widget\" data-e-type=\"widget\" data-settings=\"{&quot;_animation&quot;:&quot;fadeInLeft&quot;}\" data-widget_type=\"divider.default\">\n\t\t\t\t<div class=\"elementor-widget-container\">\n\t\t\t\t\t\t\t<div class=\"elementor-divider\">\n\t\t\t<span class=\"elementor-divider-separator\">\n\t\t\t\t\t\t<\/span>\n\t\t<\/div>\n\t\t\t\t\t\t<\/div>\n\t\t\t\t<\/div>\n\t\t\t\t<div class=\"elementor-element elementor-element-7524e51c elementor-widget elementor-widget-text-editor\" data-id=\"7524e51c\" data-element_type=\"widget\" data-e-type=\"widget\" data-widget_type=\"text-editor.default\">\n\t\t\t\t<div class=\"elementor-widget-container\">\n\t\t\t\t\t\t\t\t\t<p><strong>Portionen<\/strong> F\u00fcr 4 Personen<\/p><h3>Zutaten<\/h3><ul><li><strong>500\u202fg Rinderfaschiertes<\/strong><\/li><li><strong>\u00d6l<\/strong><\/li><li><strong>1 rote Paprika<\/strong> (in mundgerechte St\u00fccke geschnitten)<\/li><li><strong>1 Zucchini<\/strong> (in mundgerechte St\u00fccke geschnitten)<\/li><li><strong>70\u202fg Cheddar<\/strong> (gerieben)<\/li><li><strong>1 Avocado<\/strong> (in Scheiben geschnitten)<\/li><li><strong>Pickled Onions<\/strong><\/li><li>ein paar Tropfen <strong>Liquid Smoke<\/strong><\/li><li><strong>1\u202fTL Paprikapulver<\/strong> (edels\u00fc\u00df oder ger\u00e4uchert)<\/li><li><strong>1 gestrichener\u202fTL Kreuzk\u00fcmmel<\/strong><\/li><li><strong>Salz &amp; Pfeffer<\/strong><\/li><li><strong>3\u20134 gro\u00dfe Weizen- <\/strong>oder<strong> Tortilla-Wraps<\/strong><\/li><li><strong>2\u202fEL Mayonnaise<\/strong> oder <strong>Chipotle-Mayo<\/strong><\/li><\/ul><h3>Zubereitung<\/h3><ol><li><strong>500\u202fg Rinderfaschiertes<\/strong> und <strong>ein paar Tropfen Liquid Smoke <\/strong>in etwas \u00d6l \u00a0anbraten. Mit <strong>Salz, Pfeffer, 1 TL Paprikapulver<\/strong> und <strong>1 gestrichener TL Kreuzk\u00fcmmel<\/strong> w\u00fcrzen.Dann zur Seite stellen.<\/li><li><strong>1 rote Paprika<\/strong> (in mundgerechte St\u00fccke geschnitten) anbraten, dann zur Seite stellen.<\/li><li><strong>1 Zucchini<\/strong> (in mundgerechte St\u00fccke geschnitten) anbraten, dann zur Seite stellen.<\/li><li><strong>3\u20134 gro\u00dfe Weizen- <\/strong>oder<strong> Tortilla-Wraps<\/strong>\u00a0kurz in der Pfanne oder Mikrowelle erw\u00e4rmen, damit sie sch\u00f6n biegsam sind.<\/li><li>Wrap auslegen, <strong>1\u202fEL Mayonnaise<\/strong> oder <strong>Chipotle-Mayo<\/strong> darauf verstreichen.<\/li><li>Faschiertes in der Mitte platzieren, Gem\u00fcse dar\u00fcbergeben.<\/li><li><strong>70\u202fg Cheddar<\/strong> (gerieben) dar\u00fcberstreuen, <strong>1 Avocado<\/strong> (in Scheiben geschnitten) und <strong>Pickled Onions<\/strong> darauflegen.<\/li><li>Seiten vom Wrap einklappen, von unten nach oben aufrollen.<\/li><li>Optional in der Pfanne leicht anpressen, damit der K\u00e4se schmilzt.<\/li><\/ol>\t\t\t\t\t\t\t\t<\/div>\n\t\t\t\t<\/div>\n\t\t\t\t<\/div>\n\t\t\t\t<\/div>\n\t\t","protected":false},"excerpt":{"rendered":"<p>Smoky Beef Wrap Portionen F\u00fcr 4 Personen Zutaten 500\u202fg Rinderfaschiertes \u00d6l 1 rote Paprika (in mundgerechte St\u00fccke geschnitten) 1 Zucchini (in mundgerechte St\u00fccke geschnitten) 70\u202fg Cheddar (gerieben) 1 Avocado (in Scheiben geschnitten) Pickled Onions ein paar Tropfen Liquid Smoke 1\u202fTL Paprikapulver (edels\u00fc\u00df oder ger\u00e4uchert) 1 gestrichener\u202fTL Kreuzk\u00fcmmel Salz &amp; Pfeffer 3\u20134 gro\u00dfe Weizen- oder Tortilla-Wraps [&hellip;]<\/p>\n","protected":false},"author":1,"featured_media":0,"parent":0,"menu_order":0,"comment_status":"closed","ping_status":"closed","template":"elementor_header_footer","meta":{"footnotes":""},"class_list":["post-1820","page","type-page","status-publish","hentry"],"_links":{"self":[{"href":"https:\/\/merely-labeled.com\/index.php?rest_route=\/wp\/v2\/pages\/1820","targetHints":{"allow":["GET"]}}],"collection":[{"href":"https:\/\/merely-labeled.com\/index.php?rest_route=\/wp\/v2\/pages"}],"about":[{"href":"https:\/\/merely-labeled.com\/index.php?rest_route=\/wp\/v2\/types\/page"}],"author":[{"embeddable":true,"href":"https:\/\/merely-labeled.com\/index.php?rest_route=\/wp\/v2\/users\/1"}],"replies":[{"embeddable":true,"href":"https:\/\/merely-labeled.com\/index.php?rest_route=%2Fwp%2Fv2%2Fcomments&post=1820"}],"version-history":[{"count":4,"href":"https:\/\/merely-labeled.com\/index.php?rest_route=\/wp\/v2\/pages\/1820\/revisions"}],"predecessor-version":[{"id":1825,"href":"https:\/\/merely-labeled.com\/index.php?rest_route=\/wp\/v2\/pages\/1820\/revisions\/1825"}],"wp:attachment":[{"href":"https:\/\/merely-labeled.com\/index.php?rest_route=%2Fwp%2Fv2%2Fmedia&parent=1820"}],"curies":[{"name":"wp","href":"https:\/\/api.w.org\/{rel}","templated":true}]}}