{"id":1796,"date":"2025-08-20T20:50:46","date_gmt":"2025-08-20T18:50:46","guid":{"rendered":"https:\/\/merely-labeled.com\/?page_id=1796"},"modified":"2026-03-27T21:16:36","modified_gmt":"2026-03-27T20:16:36","slug":"tahini-sauce","status":"publish","type":"page","link":"https:\/\/merely-labeled.com\/?page_id=1796","title":{"rendered":"Tahini-Sauce"},"content":{"rendered":"\t\t<div data-elementor-type=\"wp-page\" data-elementor-id=\"1796\" class=\"elementor elementor-1796\" data-elementor-post-type=\"page\">\n\t\t\t\t<div class=\"elementor-element elementor-element-b1527c0 e-con-full e-flex e-con e-parent\" data-id=\"b1527c0\" data-element_type=\"container\" data-e-type=\"container\" data-settings=\"{&quot;background_background&quot;:&quot;gradient&quot;}\">\n\t\t\t\t<div class=\"elementor-element elementor-element-6fddaaa3 elementor-widget elementor-widget-heading\" data-id=\"6fddaaa3\" data-element_type=\"widget\" data-e-type=\"widget\" data-widget_type=\"heading.default\">\n\t\t\t\t<div class=\"elementor-widget-container\">\n\t\t\t\t\t<h2 class=\"elementor-heading-title elementor-size-default\">Tahini-Sauce<\/h2>\t\t\t\t<\/div>\n\t\t\t\t<\/div>\n\t\t\t\t<div class=\"elementor-element elementor-element-2d6616de elementor-widget__width-inherit elementor-widget-divider--view-line elementor-invisible elementor-widget elementor-widget-divider\" data-id=\"2d6616de\" data-element_type=\"widget\" data-e-type=\"widget\" data-settings=\"{&quot;_animation&quot;:&quot;fadeInLeft&quot;}\" data-widget_type=\"divider.default\">\n\t\t\t\t<div class=\"elementor-widget-container\">\n\t\t\t\t\t\t\t<div class=\"elementor-divider\">\n\t\t\t<span class=\"elementor-divider-separator\">\n\t\t\t\t\t\t<\/span>\n\t\t<\/div>\n\t\t\t\t\t\t<\/div>\n\t\t\t\t<\/div>\n\t\t\t\t<div class=\"elementor-element elementor-element-7dfa500d elementor-widget elementor-widget-text-editor\" data-id=\"7dfa500d\" data-element_type=\"widget\" data-e-type=\"widget\" data-widget_type=\"text-editor.default\">\n\t\t\t\t<div class=\"elementor-widget-container\">\n\t\t\t\t\t\t\t\t\t<p><strong>Portionen<\/strong> F\u00fcr 2 Personen<\/p>\n<h3>Zutaten<\/h3>\n<ul>\n<li data-start=\"204\" data-end=\"228\">3 EL Tahini (Sesampaste)<\/li>\n<li data-start=\"231\" data-end=\"268\">1\u20132 EL Zitronensaft (frisch gepresst)<\/li>\n<li data-start=\"271\" data-end=\"316\"><span style=\"text-align: var(--text-align); font-size: var(--wp--preset--font-size--medium);\">1 kleine Knoblauchzehe<\/span><\/li>\n<li data-start=\"373\" data-end=\"423\">3\u20135 EL kaltes Wasser (nach gew\u00fcnschter Konsistenz)<\/li>\n<li data-start=\"426\" data-end=\"447\">Salz (nach Geschmack)<\/li>\n<li data-start=\"450\" data-end=\"539\"><span style=\"color: #212121; font-family: Poppins, sans-serif; font-size: var(--wp--preset--font-size--large); text-align: var(--text-align);\">Zubereitung<\/span><\/li>\n<\/ul>\n<ol>\n<li data-start=\"566\" data-end=\"657\">3 EL Tahini, 1 &#8211; 2 EL Zitronensaft, 1 Knoblauchzehe und eine Prise Salz in ein hohes Mixgef\u00e4\u00df geben.<\/li>\n<li data-start=\"661\" data-end=\"735\">Mit dem Stabmixer fein p\u00fcrieren, bis Knoblauch und Tahini eine glatte Paste ergeben.<\/li>\n<li data-start=\"739\" data-end=\"838\"><span style=\"caret-color: #000000; color: #000000; font-size: medium;\">Nach und nach das kalte Wasser dazugeben und immer wieder mixen, bis die Sauce sch\u00f6n cremig-fl\u00fcssig ist<\/span>.<\/li>\n<li data-start=\"842\" data-end=\"880\">Abschmecken und bei Bedarf mit Salz, Zitronensaft oder Gew\u00fcrzen nachjustieren.<\/li>\n<\/ol>\n<h3>Varianten<\/h3>\n<ul>\n<li data-start=\"908\" data-end=\"996\"><strong data-start=\"908\" data-end=\"934\">Mit frischen Kr\u00e4utern:<\/strong> Petersilie, Koriander oder Minze fein hacken und unterr\u00fchren.<\/li>\n<li data-start=\"999\" data-end=\"1064\"><strong data-start=\"999\" data-end=\"1010\">Scharf:<\/strong> Etwas Harissa, Chili\u00f6l oder Cayennepfeffer dazugeben.<\/li>\n<li data-start=\"1067\" data-end=\"1160\"><strong data-start=\"1067\" data-end=\"1080\">Fruchtig:<\/strong> Einen kleinen Schuss Orangensaft oder Granatapfelsirup f\u00fcr eine besondere Note<\/li>\n<\/ul>\t\t\t\t\t\t\t\t<\/div>\n\t\t\t\t<\/div>\n\t\t\t\t<\/div>\n\t\t\t\t<\/div>\n\t\t","protected":false},"excerpt":{"rendered":"<p>Tahini-Sauce Portionen F\u00fcr 2 Personen Zutaten 3 EL Tahini (Sesampaste) 1\u20132 EL Zitronensaft (frisch gepresst) 1 kleine Knoblauchzehe 3\u20135 EL kaltes Wasser (nach gew\u00fcnschter Konsistenz) Salz (nach Geschmack) Zubereitung 3 EL Tahini, 1 &#8211; 2 EL Zitronensaft, 1 Knoblauchzehe und eine Prise Salz in ein hohes Mixgef\u00e4\u00df geben. Mit dem Stabmixer fein p\u00fcrieren, bis Knoblauch [&hellip;]<\/p>\n","protected":false},"author":1,"featured_media":0,"parent":0,"menu_order":0,"comment_status":"closed","ping_status":"closed","template":"elementor_header_footer","meta":{"footnotes":""},"class_list":["post-1796","page","type-page","status-publish","hentry"],"_links":{"self":[{"href":"https:\/\/merely-labeled.com\/index.php?rest_route=\/wp\/v2\/pages\/1796","targetHints":{"allow":["GET"]}}],"collection":[{"href":"https:\/\/merely-labeled.com\/index.php?rest_route=\/wp\/v2\/pages"}],"about":[{"href":"https:\/\/merely-labeled.com\/index.php?rest_route=\/wp\/v2\/types\/page"}],"author":[{"embeddable":true,"href":"https:\/\/merely-labeled.com\/index.php?rest_route=\/wp\/v2\/users\/1"}],"replies":[{"embeddable":true,"href":"https:\/\/merely-labeled.com\/index.php?rest_route=%2Fwp%2Fv2%2Fcomments&post=1796"}],"version-history":[{"count":10,"href":"https:\/\/merely-labeled.com\/index.php?rest_route=\/wp\/v2\/pages\/1796\/revisions"}],"predecessor-version":[{"id":1872,"href":"https:\/\/merely-labeled.com\/index.php?rest_route=\/wp\/v2\/pages\/1796\/revisions\/1872"}],"wp:attachment":[{"href":"https:\/\/merely-labeled.com\/index.php?rest_route=%2Fwp%2Fv2%2Fmedia&parent=1796"}],"curies":[{"name":"wp","href":"https:\/\/api.w.org\/{rel}","templated":true}]}}