{"id":1230,"date":"2024-10-04T18:25:58","date_gmt":"2024-10-04T16:25:58","guid":{"rendered":"http:\/\/merely-labeled.com\/?page_id=1230"},"modified":"2026-03-27T20:43:21","modified_gmt":"2026-03-27T19:43:21","slug":"ofenforelle-mit-petersilie-knoblauch-und-gemuese","status":"publish","type":"page","link":"https:\/\/merely-labeled.com\/?page_id=1230","title":{"rendered":"Ofenforelle mit Petersilie, Knoblauch und Gem\u00fcse"},"content":{"rendered":"\t\t<div data-elementor-type=\"wp-page\" data-elementor-id=\"1230\" class=\"elementor elementor-1230\" data-elementor-post-type=\"page\">\n\t\t\t\t<div class=\"elementor-element elementor-element-540b4863 e-con-full e-flex e-con e-parent\" data-id=\"540b4863\" data-element_type=\"container\" data-e-type=\"container\" data-settings=\"{&quot;background_background&quot;:&quot;gradient&quot;}\">\n\t\t\t\t<div class=\"elementor-element elementor-element-59747cc4 elementor-widget elementor-widget-heading\" data-id=\"59747cc4\" data-element_type=\"widget\" data-e-type=\"widget\" data-widget_type=\"heading.default\">\n\t\t\t\t<div class=\"elementor-widget-container\">\n\t\t\t\t\t<h2 class=\"elementor-heading-title elementor-size-default\">Ofenforelle mit Petersilie, Knoblauch und Gem\u00fcse<\/h2>\t\t\t\t<\/div>\n\t\t\t\t<\/div>\n\t\t\t\t<div class=\"elementor-element elementor-element-640439f elementor-widget__width-inherit elementor-widget-divider--view-line elementor-invisible elementor-widget elementor-widget-divider\" data-id=\"640439f\" data-element_type=\"widget\" data-e-type=\"widget\" data-settings=\"{&quot;_animation&quot;:&quot;fadeInLeft&quot;}\" data-widget_type=\"divider.default\">\n\t\t\t\t<div class=\"elementor-widget-container\">\n\t\t\t\t\t\t\t<div class=\"elementor-divider\">\n\t\t\t<span class=\"elementor-divider-separator\">\n\t\t\t\t\t\t<\/span>\n\t\t<\/div>\n\t\t\t\t\t\t<\/div>\n\t\t\t\t<\/div>\n\t\t\t\t<div class=\"elementor-element elementor-element-7b7aa3ab elementor-widget elementor-widget-text-editor\" data-id=\"7b7aa3ab\" data-element_type=\"widget\" data-e-type=\"widget\" data-widget_type=\"text-editor.default\">\n\t\t\t\t<div class=\"elementor-widget-container\">\n\t\t\t\t\t\t\t\t\t<p><strong>Portionen:<\/strong> 2 Personen<\/p><h3>Zutaten<\/h3><h4>Forelle<\/h4><ul><li><strong>2<\/strong> Forellen, ausgenommen und ges\u00e4ubert<\/li><li><strong>2 TL<\/strong> Oliven\u00f6l<\/li><li><strong>1 TL<\/strong> Salz<\/li><li><strong>1\/2 TL<\/strong> Pfeffer (nach Geschmack)<\/li><li><strong>2<\/strong> Knoblauchzehen, gehackt<\/li><li><strong>1 Bund<\/strong> Petersilie, gehackt<\/li><li><strong>1<\/strong> Zitrone, in Spalten geschnitten (zum Servieren)<\/li><\/ul><h4>Gem\u00fcse<\/h4><ul><li><strong>100 g<\/strong> Kartoffeln, gew\u00fcrfelt<\/li><li><strong>100 g<\/strong> S\u00fc\u00dfkartoffeln, gew\u00fcrfelt<\/li><li><strong>1<\/strong> Zucchini, gew\u00fcrfelt<\/li><li><strong>1 TL<\/strong> Oliven\u00f6l<\/li><li><strong>1\/2 TL<\/strong> Salz<\/li><li><strong>1\/2 TL<\/strong> Pfeffer (nach Geschmack)<\/li><\/ul><h3>Zubereitung<\/h3><h4>Forelle vorbereiten<\/h4><ol><li>Backofen auf <strong>200\u00b0C<\/strong> vorheizen.<\/li><li><strong>2 TL Oliven\u00f6l<\/strong> auf die <strong>2 Forellen<\/strong> einpinseln.<\/li><li>Die Forellen von innen und au\u00dfen mit <strong>1 TL Salz<\/strong> und <strong>1\/2 TL Pfeffer<\/strong> w\u00fcrzen (Pfeffer kannst du nach Geschmack reduzieren oder weglassen).<\/li><li><strong>2 gehackte Knoblauchzehen<\/strong> und <strong>1 Bund gehackte Petersilie<\/strong> in die Bauchh\u00f6hle der Forellen legen.<\/li><\/ol><h4>Gem\u00fcse<\/h4><ol start=\"5\"><li><strong>100 g Kartoffeln<\/strong>, <strong>100 g S\u00fc\u00dfkartoffeln<\/strong> und <strong>1 Zucchini<\/strong> in einer Sch\u00fcssel mit <strong>1 TL Oliven\u00f6l<\/strong>, <strong>1\/2 TL <\/strong><strong>Salz<\/strong> und <strong>1\/2 TL <\/strong><strong>Pfeffer<\/strong>\u00a0vermengen.<\/li><li>Das Gem\u00fcse um die Forellen auf dem Backblech verteilen.<\/li><\/ol><h4>Backen<\/h4><ol start=\"7\"><li>Das Blech in den vorgeheizten Ofen schieben und die Forellen f\u00fcr ca. <strong>20\u201325 Minuten<\/strong> backen, bis sie durchgegart und leicht goldbraun sind. Das Gem\u00fcse sollte weich sein.<\/li><\/ol>\t\t\t\t\t\t\t\t<\/div>\n\t\t\t\t<\/div>\n\t\t\t\t<\/div>\n\t\t\t\t<\/div>\n\t\t","protected":false},"excerpt":{"rendered":"<p>Ofenforelle mit Petersilie, Knoblauch und Gem\u00fcse Portionen: 2 Personen Zutaten Forelle 2 Forellen, ausgenommen und ges\u00e4ubert 2 TL Oliven\u00f6l 1 TL Salz 1\/2 TL Pfeffer (nach Geschmack) 2 Knoblauchzehen, gehackt 1 Bund Petersilie, gehackt 1 Zitrone, in Spalten geschnitten (zum Servieren) Gem\u00fcse 100 g Kartoffeln, gew\u00fcrfelt 100 g S\u00fc\u00dfkartoffeln, gew\u00fcrfelt 1 Zucchini, gew\u00fcrfelt 1 TL [&hellip;]<\/p>\n","protected":false},"author":1,"featured_media":0,"parent":9,"menu_order":0,"comment_status":"closed","ping_status":"closed","template":"elementor_header_footer","meta":{"footnotes":""},"class_list":["post-1230","page","type-page","status-publish","hentry"],"_links":{"self":[{"href":"https:\/\/merely-labeled.com\/index.php?rest_route=\/wp\/v2\/pages\/1230","targetHints":{"allow":["GET"]}}],"collection":[{"href":"https:\/\/merely-labeled.com\/index.php?rest_route=\/wp\/v2\/pages"}],"about":[{"href":"https:\/\/merely-labeled.com\/index.php?rest_route=\/wp\/v2\/types\/page"}],"author":[{"embeddable":true,"href":"https:\/\/merely-labeled.com\/index.php?rest_route=\/wp\/v2\/users\/1"}],"replies":[{"embeddable":true,"href":"https:\/\/merely-labeled.com\/index.php?rest_route=%2Fwp%2Fv2%2Fcomments&post=1230"}],"version-history":[{"count":10,"href":"https:\/\/merely-labeled.com\/index.php?rest_route=\/wp\/v2\/pages\/1230\/revisions"}],"predecessor-version":[{"id":1857,"href":"https:\/\/merely-labeled.com\/index.php?rest_route=\/wp\/v2\/pages\/1230\/revisions\/1857"}],"up":[{"embeddable":true,"href":"https:\/\/merely-labeled.com\/index.php?rest_route=\/wp\/v2\/pages\/9"}],"wp:attachment":[{"href":"https:\/\/merely-labeled.com\/index.php?rest_route=%2Fwp%2Fv2%2Fmedia&parent=1230"}],"curies":[{"name":"wp","href":"https:\/\/api.w.org\/{rel}","templated":true}]}}