{"id":774,"date":"2024-08-18T11:19:41","date_gmt":"2024-08-18T09:19:41","guid":{"rendered":"http:\/\/merely-labeled.com\/?page_id=774"},"modified":"2024-08-18T18:10:30","modified_gmt":"2024-08-18T16:10:30","slug":"nudelteig-thermomix-tm-6","status":"publish","type":"page","link":"http:\/\/merely-labeled.com\/?page_id=774","title":{"rendered":"Nudelteig (Thermomix TM 6)"},"content":{"rendered":"\t\t<div data-elementor-type=\"wp-page\" data-elementor-id=\"774\" class=\"elementor elementor-774\" data-elementor-post-type=\"page\">\n\t\t\t\t<div class=\"elementor-element elementor-element-49fc0e60 e-con-full e-flex e-con e-parent\" data-id=\"49fc0e60\" data-element_type=\"container\" data-e-type=\"container\" data-settings=\"{&quot;background_background&quot;:&quot;gradient&quot;}\">\n\t\t\t\t<div class=\"elementor-element elementor-element-5b172f10 elementor-widget elementor-widget-heading\" data-id=\"5b172f10\" data-element_type=\"widget\" data-e-type=\"widget\" data-widget_type=\"heading.default\">\n\t\t\t\t<div class=\"elementor-widget-container\">\n\t\t\t\t\t<h2 class=\"elementor-heading-title elementor-size-default\">Nudelteig (Thermomix TM 6)<\/h2>\t\t\t\t<\/div>\n\t\t\t\t<\/div>\n\t\t\t\t<div class=\"elementor-element elementor-element-1f07e916 elementor-widget__width-inherit elementor-widget-divider--view-line elementor-invisible elementor-widget elementor-widget-divider\" data-id=\"1f07e916\" data-element_type=\"widget\" data-e-type=\"widget\" data-settings=\"{&quot;_animation&quot;:&quot;fadeInLeft&quot;}\" data-widget_type=\"divider.default\">\n\t\t\t\t<div class=\"elementor-widget-container\">\n\t\t\t\t\t\t\t<div class=\"elementor-divider\">\n\t\t\t<span class=\"elementor-divider-separator\">\n\t\t\t\t\t\t<\/span>\n\t\t<\/div>\n\t\t\t\t\t\t<\/div>\n\t\t\t\t<\/div>\n\t\t\t\t<div class=\"elementor-element elementor-element-39782f14 elementor-widget elementor-widget-text-editor\" data-id=\"39782f14\" data-element_type=\"widget\" data-e-type=\"widget\" data-widget_type=\"text-editor.default\">\n\t\t\t\t<div class=\"elementor-widget-container\">\n\t\t\t\t\t\t\t\t\t<p><strong>Portionen:<\/strong> F\u00fcr 4 Personen<\/p><h3>Zutaten<\/h3><ul><li><strong>200 g<\/strong> Mehl (plus etwas mehr zum Bearbeiten)<\/li><li><strong>\u00bc TL<\/strong> Salz (plus etwas mehr zum Kochen)<\/li><li><strong>2<\/strong> Eier<\/li><li><strong>1 EL<\/strong> natives Oliven\u00f6l<\/li><li><strong>Wasser<\/strong> (zum Kochen)<\/li><\/ul><h3>Zubereitung<\/h3><ol><li><strong>Mehl<\/strong>, <strong>Salz<\/strong>, <strong>Eier<\/strong> und <strong>Oliven\u00f6l<\/strong> in den Mixtopf geben und <strong>2 Min.\/Teigkneten<\/strong> kneten. Der Teig sieht jetzt kr\u00fcmelig aus.<\/li><li>Den Teig mit der Hand zu einer Kugel formen, in Frischhaltefolie einwickeln und 15 Minuten ruhen lassen.<\/li><li>Den Teig mit einem Nudelholz oder einer Nudelmaschine auf einer bemehlten Arbeitsfl\u00e4che in d\u00fcnne (2-3 mm), rechteckige Platten ausrollen. Teigplatten mit etwas Mehl best\u00e4uben, damit sie nicht kleben.<\/li><li>Den Teig je nach geplanter Verwendung in die passende Form schneiden:<ul><li><strong>Lasagne oder Ravioli:<\/strong> Nudelteig in Platten (ca. 20 x 10 cm) schneiden.<\/li><li><strong>Bandnudeln:<\/strong> In Streifen schneiden (2 x max. 30 cm).<\/li><li><strong>Schleifchennudeln (Farfalle):<\/strong> Nudelteig in kleine Rechtecke schneiden (2 x 5 cm), diese in der Mitte zu Schleifchen zusammenkneifen.<\/li><\/ul><\/li><li>Nudeln in einem gro\u00dfen Topf mit Salzwasser <strong>3-4 Minuten<\/strong> garen. Die Garzeit ist abh\u00e4ngig von der Nudelsorte und der Dicke. Nudeln hei\u00df mit Sauce nach Wahl servieren.<\/li><\/ol><h3>Tipps &amp; Tricks<\/h3><ul><li>Rollen Sie immer nur eine kleine Menge Nudelteig aus und bewahren Sie den restlichen Teig unter einem feuchten K\u00fcchentuch auf, damit er nicht austrocknet.<\/li><li>Am besten sind die Nudeln, wenn man sie nach dem Ausrollen und Schneiden <strong>1-2 Stunden<\/strong> auf einem bemehlten K\u00fcchentuch trocknen l\u00e4sst.<\/li><li><strong>Gr\u00fcne Nudeln:<\/strong> Zus\u00e4tzlich zu den Zutaten gem\u00e4\u00df Grundrezept <strong>100 g Mehl<\/strong> und <strong>70 g Spinatbl\u00e4tter<\/strong> (frisch, gewaschen und getrocknet oder TK-Spinat, aufgetaut und ausgedr\u00fcckt) verwenden. <strong>300 g Mehl<\/strong> und Spinat in den Mixtopf geben und <strong>20 Sek.\/Stufe 9<\/strong> zerkleinern. Eier und \u00d6l dazugeben und <strong>2 Min.\/Teigkneten<\/strong> kneten.<\/li><li><strong>Rote Nudeln ohne Ei:<\/strong> Ersetzen Sie <strong>2 Eier<\/strong> durch <strong>100 g Tomatensaft<\/strong> und fahren wie im Rezept beschrieben fort.<\/li><li>Um die Teigmenge zu erh\u00f6hen, geben Sie pro zus\u00e4tzlichem Ei <strong>100 g mehr Mehl<\/strong> zu. Die Maximalmenge Nudelteig, die Sie gleichzeitig im Thermomix\u00ae kneten k\u00f6nnen, besteht aus <strong>500 g Mehl<\/strong> und <strong>5 Eiern<\/strong>. Verl\u00e4ngern Sie die Knetzeit dann auf <strong>3 Minuten<\/strong>.<\/li><\/ul><h3>Notwendiges Zubeh\u00f6r<\/h3><ul><li>Frischhaltefolie<\/li><li>Nudelholz oder Nudelmaschine<\/li><li>Herd<\/li><li>Gro\u00dfer Topf<\/li><\/ul><h3>N\u00e4hrwerte pro 100 g<\/h3><p><strong>Kalorien:<\/strong> 1272 kJ \/ 304 kcal<br \/><strong>Protein:<\/strong> 11 g<br \/><strong>Kohlenhydrate:<\/strong> 48 g<br \/><strong>Fett:<\/strong> 8 g<br \/><strong>Ballaststoffe:<\/strong> 1.8 g<\/p>\t\t\t\t\t\t\t\t<\/div>\n\t\t\t\t<\/div>\n\t\t\t\t<\/div>\n\t\t\t\t<\/div>\n\t\t","protected":false},"excerpt":{"rendered":"<p>Nudelteig (Thermomix TM 6) Portionen: F\u00fcr 4 Personen Zutaten 200 g Mehl (plus etwas mehr zum Bearbeiten) \u00bc TL Salz (plus etwas mehr zum Kochen) 2 Eier 1 EL natives Oliven\u00f6l Wasser (zum Kochen) Zubereitung Mehl, Salz, Eier und Oliven\u00f6l in den Mixtopf geben und 2 Min.\/Teigkneten kneten. Der Teig sieht jetzt kr\u00fcmelig aus. Den [&hellip;]<\/p>\n","protected":false},"author":1,"featured_media":0,"parent":0,"menu_order":0,"comment_status":"closed","ping_status":"closed","template":"elementor_header_footer","meta":{"footnotes":""},"class_list":["post-774","page","type-page","status-publish","hentry"],"_links":{"self":[{"href":"http:\/\/merely-labeled.com\/index.php?rest_route=\/wp\/v2\/pages\/774","targetHints":{"allow":["GET"]}}],"collection":[{"href":"http:\/\/merely-labeled.com\/index.php?rest_route=\/wp\/v2\/pages"}],"about":[{"href":"http:\/\/merely-labeled.com\/index.php?rest_route=\/wp\/v2\/types\/page"}],"author":[{"embeddable":true,"href":"http:\/\/merely-labeled.com\/index.php?rest_route=\/wp\/v2\/users\/1"}],"replies":[{"embeddable":true,"href":"http:\/\/merely-labeled.com\/index.php?rest_route=%2Fwp%2Fv2%2Fcomments&post=774"}],"version-history":[{"count":7,"href":"http:\/\/merely-labeled.com\/index.php?rest_route=\/wp\/v2\/pages\/774\/revisions"}],"predecessor-version":[{"id":984,"href":"http:\/\/merely-labeled.com\/index.php?rest_route=\/wp\/v2\/pages\/774\/revisions\/984"}],"wp:attachment":[{"href":"http:\/\/merely-labeled.com\/index.php?rest_route=%2Fwp%2Fv2%2Fmedia&parent=774"}],"curies":[{"name":"wp","href":"https:\/\/api.w.org\/{rel}","templated":true}]}}