{"id":721,"date":"2024-08-18T11:03:10","date_gmt":"2024-08-18T09:03:10","guid":{"rendered":"http:\/\/merely-labeled.com\/?page_id=721"},"modified":"2024-08-18T19:22:49","modified_gmt":"2024-08-18T17:22:49","slug":"huehnergeschnetzeltes-mit-reis-thermomix-tm-6","status":"publish","type":"page","link":"http:\/\/merely-labeled.com\/?page_id=721","title":{"rendered":"H\u00fchnergeschnetzeltes mit Reis (Thermomix TM 6)"},"content":{"rendered":"\t\t<div data-elementor-type=\"wp-page\" data-elementor-id=\"721\" class=\"elementor elementor-721\" data-elementor-post-type=\"page\">\n\t\t\t\t<div class=\"elementor-element elementor-element-878072b e-con-full e-flex e-con e-parent\" data-id=\"878072b\" data-element_type=\"container\" data-e-type=\"container\" data-settings=\"{&quot;background_background&quot;:&quot;gradient&quot;}\">\n\t\t\t\t<div class=\"elementor-element elementor-element-6abfe082 elementor-widget elementor-widget-heading\" data-id=\"6abfe082\" data-element_type=\"widget\" data-e-type=\"widget\" data-widget_type=\"heading.default\">\n\t\t\t\t<div class=\"elementor-widget-container\">\n\t\t\t\t\t<h2 class=\"elementor-heading-title elementor-size-default\">H\u00fchnergeschnetzeltes mit Reis (Thermomix TM 6)<\/h2>\t\t\t\t<\/div>\n\t\t\t\t<\/div>\n\t\t\t\t<div class=\"elementor-element elementor-element-318c03d1 elementor-widget__width-inherit elementor-widget-divider--view-line elementor-invisible elementor-widget elementor-widget-divider\" data-id=\"318c03d1\" data-element_type=\"widget\" data-e-type=\"widget\" data-settings=\"{&quot;_animation&quot;:&quot;fadeInLeft&quot;}\" data-widget_type=\"divider.default\">\n\t\t\t\t<div class=\"elementor-widget-container\">\n\t\t\t\t\t\t\t<div class=\"elementor-divider\">\n\t\t\t<span class=\"elementor-divider-separator\">\n\t\t\t\t\t\t<\/span>\n\t\t<\/div>\n\t\t\t\t\t\t<\/div>\n\t\t\t\t<\/div>\n\t\t\t\t<div class=\"elementor-element elementor-element-2f7eaa02 elementor-widget elementor-widget-text-editor\" data-id=\"2f7eaa02\" data-element_type=\"widget\" data-e-type=\"widget\" data-widget_type=\"text-editor.default\">\n\t\t\t\t<div class=\"elementor-widget-container\">\n\t\t\t\t\t\t\t\t\t<p><strong>Portionen:<\/strong> F\u00fcr 4 Personen<\/p><h3>Zutaten<\/h3><h4>F\u00fcr das H\u00fchnergeschnetzelte<\/h4><ul><li><strong>500 \u2013 600 g<\/strong> H\u00fchnergeschnetzeltes<\/li><li><strong>0.5 TL<\/strong> Salz<\/li><li><strong>0.5 TL<\/strong> Pfeffer<\/li><li><strong>0.5 TL<\/strong> Oregano<\/li><li><strong>2 TL<\/strong> \u00d6l<\/li><\/ul><h4>F\u00fcr den Reis<\/h4><ul><li><strong>100 g<\/strong> Reis<\/li><li><strong>1.5 TL<\/strong> Salz<\/li><li><strong>1200 g<\/strong> Wasser<\/li><\/ul><h4>F\u00fcr die Sauce<\/h4><ul><li><strong>40 g<\/strong> Cashewmus<\/li><li><strong>0.5 TL<\/strong> Salz<\/li><li><strong>0.25 TL<\/strong> Pfeffer<\/li><li><strong>1 TL<\/strong> Oregano<\/li><li><strong>1 Messerspitze<\/strong> Asaf\u00f6tida<\/li><li><strong>15 g<\/strong> Speisest\u00e4rke<\/li><\/ul><h3>Zubereitung<\/h3><ol><li><p><strong>H\u00fchnergeschnetzeltes marinieren:<\/strong><\/p><ul><li>Eine Sch\u00fcssel auf den Mixtopfdeckel stellen, <strong>500 \u2013 600 g H\u00fchnergeschnetzeltes<\/strong> einwiegen. Sch\u00fcssel absetzen, <strong>0.5 TL Salz<\/strong>, <strong>0.5 TL Pfeffer<\/strong>, <strong>0.5 TL Oregano<\/strong> und <strong>2 TL \u00d6l<\/strong> zugeben und gut vermischen.<\/li><li>Varoma-Einlegeboden mit Backpapier auslegen (siehe Tipp) und das marinierte Huhn darauf verteilen.<\/li><\/ul><\/li><li><p><strong>Reis kochen:<\/strong><\/p><ul><li><strong>1.5 TL Salz<\/strong> in den Mixtopf geben, Gareinsatz einh\u00e4ngen, <strong>100 g Reis<\/strong> einwiegen und <strong>1200 g Wasser<\/strong> \u00fcber den Reis in den Mixtopf einwiegen.<\/li><li>Varoma-Beh\u00e4lter aufsetzen und verschlie\u00dfen, dann <strong>24 Min.\/Varoma\/Stufe 1<\/strong> garen.<\/li><\/ul><\/li><li><p><strong>Garprozess beenden:<\/strong><\/p><ul><li>Varoma absetzen, Gareinsatz mithilfe des Spatels herausnehmen und alles warm stellen.<\/li><li>Mixtopf leeren, dabei Garfl\u00fcssigkeit auffangen. Mixtopf sp\u00fclen.<\/li><\/ul><\/li><li><p><strong>Sauce zubereiten:<\/strong><\/p><ul><li><strong>300 g Garfl\u00fcssigkeit<\/strong>, <strong>40 g Cashewmus<\/strong>, <strong>0.5 TL Salz<\/strong>, <strong>0.25 TL Pfeffer<\/strong>, <strong>1 TL Oregano<\/strong>, <strong>1 Messerspitze Asaf\u00f6tida<\/strong> und <strong>15 g Speisest\u00e4rke<\/strong> in den Mixtopf geben.<\/li><li><strong>4 Min.\/100\u00b0C\/Linkslauf\/Stufe 3<\/strong> aufkochen und dann <strong>20 Sek.\/Stufe 8<\/strong> p\u00fcrieren.<\/li><\/ul><\/li><li><p><strong>Servieren:<\/strong><\/p><ul><li>H\u00fchnergeschnetzeltes mit der Sauce und dem Reis servieren.<\/li><\/ul><\/li><\/ol><h3>Tipps<\/h3><ul><li>Das Backpapier im Varoma-Einlegeboden verhindert, dass Fl\u00fcssigkeit in das H\u00fchnergeschnetzelte tropft und hilft, das Huhn gleichm\u00e4\u00dfig zu garen.<\/li><li>Das Cashewmus kann durch Sahne oder Kokosmilch ersetzt werden, um der Sauce eine andere Note zu verleihen.<\/li><\/ul>\t\t\t\t\t\t\t\t<\/div>\n\t\t\t\t<\/div>\n\t\t\t\t<\/div>\n\t\t\t\t<\/div>\n\t\t","protected":false},"excerpt":{"rendered":"<p>H\u00fchnergeschnetzeltes mit Reis (Thermomix TM 6) Portionen: F\u00fcr 4 Personen Zutaten F\u00fcr das H\u00fchnergeschnetzelte 500 \u2013 600 g H\u00fchnergeschnetzeltes 0.5 TL Salz 0.5 TL Pfeffer 0.5 TL Oregano 2 TL \u00d6l F\u00fcr den Reis 100 g Reis 1.5 TL Salz 1200 g Wasser F\u00fcr die Sauce 40 g Cashewmus 0.5 TL Salz 0.25 TL Pfeffer [&hellip;]<\/p>\n","protected":false},"author":1,"featured_media":0,"parent":0,"menu_order":0,"comment_status":"closed","ping_status":"closed","template":"elementor_header_footer","meta":{"footnotes":""},"class_list":["post-721","page","type-page","status-publish","hentry"],"_links":{"self":[{"href":"http:\/\/merely-labeled.com\/index.php?rest_route=\/wp\/v2\/pages\/721","targetHints":{"allow":["GET"]}}],"collection":[{"href":"http:\/\/merely-labeled.com\/index.php?rest_route=\/wp\/v2\/pages"}],"about":[{"href":"http:\/\/merely-labeled.com\/index.php?rest_route=\/wp\/v2\/types\/page"}],"author":[{"embeddable":true,"href":"http:\/\/merely-labeled.com\/index.php?rest_route=\/wp\/v2\/users\/1"}],"replies":[{"embeddable":true,"href":"http:\/\/merely-labeled.com\/index.php?rest_route=%2Fwp%2Fv2%2Fcomments&post=721"}],"version-history":[{"count":6,"href":"http:\/\/merely-labeled.com\/index.php?rest_route=\/wp\/v2\/pages\/721\/revisions"}],"predecessor-version":[{"id":1041,"href":"http:\/\/merely-labeled.com\/index.php?rest_route=\/wp\/v2\/pages\/721\/revisions\/1041"}],"wp:attachment":[{"href":"http:\/\/merely-labeled.com\/index.php?rest_route=%2Fwp%2Fv2%2Fmedia&parent=721"}],"curies":[{"name":"wp","href":"https:\/\/api.w.org\/{rel}","templated":true}]}}