{"id":697,"date":"2024-08-18T10:38:26","date_gmt":"2024-08-18T08:38:26","guid":{"rendered":"http:\/\/merely-labeled.com\/?page_id=697"},"modified":"2024-08-18T16:59:47","modified_gmt":"2024-08-18T14:59:47","slug":"linsensalat-mit-getrockneten-tomaten-thermomix-tm-6","status":"publish","type":"page","link":"http:\/\/merely-labeled.com\/?page_id=697","title":{"rendered":"Linsensalat mit getrockneten Tomaten (Thermomix TM 6)"},"content":{"rendered":"\t\t<div data-elementor-type=\"wp-page\" data-elementor-id=\"697\" class=\"elementor elementor-697\" data-elementor-post-type=\"page\">\n\t\t\t\t<div class=\"elementor-element elementor-element-349d45a4 e-con-full e-flex e-con e-parent\" data-id=\"349d45a4\" data-element_type=\"container\" data-e-type=\"container\" data-settings=\"{&quot;background_background&quot;:&quot;gradient&quot;}\">\n\t\t\t\t<div class=\"elementor-element elementor-element-63dd7405 elementor-widget elementor-widget-heading\" data-id=\"63dd7405\" data-element_type=\"widget\" data-e-type=\"widget\" data-widget_type=\"heading.default\">\n\t\t\t\t<div class=\"elementor-widget-container\">\n\t\t\t\t\t<h2 class=\"elementor-heading-title elementor-size-default\">Linsensalat mit getrockneten Tomaten (Thermomix TM 6)<\/h2>\t\t\t\t<\/div>\n\t\t\t\t<\/div>\n\t\t\t\t<div class=\"elementor-element elementor-element-44d156e3 elementor-widget__width-inherit elementor-widget-divider--view-line elementor-invisible elementor-widget elementor-widget-divider\" data-id=\"44d156e3\" data-element_type=\"widget\" data-e-type=\"widget\" data-settings=\"{&quot;_animation&quot;:&quot;fadeInLeft&quot;}\" data-widget_type=\"divider.default\">\n\t\t\t\t<div class=\"elementor-widget-container\">\n\t\t\t\t\t\t\t<div class=\"elementor-divider\">\n\t\t\t<span class=\"elementor-divider-separator\">\n\t\t\t\t\t\t<\/span>\n\t\t<\/div>\n\t\t\t\t\t\t<\/div>\n\t\t\t\t<\/div>\n\t\t\t\t<div class=\"elementor-element elementor-element-6b91baf elementor-widget elementor-widget-text-editor\" data-id=\"6b91baf\" data-element_type=\"widget\" data-e-type=\"widget\" data-widget_type=\"text-editor.default\">\n\t\t\t\t<div class=\"elementor-widget-container\">\n\t\t\t\t\t\t\t\t\t<p><strong>Portionen:<\/strong> F\u00fcr 4 Personen<\/p><h3>Zutaten<\/h3><ul><li><strong>1 Glas<\/strong> (ca. <strong>160 g<\/strong>) in \u00d6l eingelegte getrocknete Tomaten (abgetropft)<\/li><li><strong>1<\/strong> Zwiebel (halbiert)<\/li><li><strong>4 Zehen<\/strong> Knoblauch<\/li><li><strong>\u00d6l<\/strong> von den eingelegten getrockneten Tomaten<\/li><li><strong>1<\/strong> Zucchini (in W\u00fcrfel geschnitten)<\/li><li><strong>500 g<\/strong> Wasser<\/li><li><strong>250 g<\/strong> Beluga Linsen (getrocknet)<\/li><li><strong>16 Bl\u00e4tter<\/strong> Basilikum<\/li><li><strong>1 TL<\/strong> Rosmarin<\/li><li><strong>10 EL<\/strong> (Balsamico-)Essig<\/li><li><strong>1 TL<\/strong> Salz<\/li><li><strong>Pfeffer<\/strong> (nach Geschmack)<\/li><\/ul><h3>Zubereitung<\/h3><ol><li><strong>\u00d6l<\/strong> von den eingelegten getrockneten Tomaten in den Mixtopf geben, <strong>1 Glas getrocknete Tomaten<\/strong> (abgetropft) hinzuf\u00fcgen, <strong>3 Sek.\/Stufe 5<\/strong> zerkleinern und in eine Salatsch\u00fcssel geben.<\/li><li><strong>1 Zwiebel<\/strong> (halbiert) und <strong>4 Zehen Knoblauch<\/strong> in den Mixtopf geben, <strong>3 Sek.\/Stufe 5<\/strong> zerkleinern und mit dem Spatel nach unten schieben.<\/li><li><strong>10 g \u00d6l<\/strong> von den eingelegten getrockneten Tomaten zugeben, <strong>3 Min.\/120\u00b0C\/Stufe 1<\/strong> d\u00fcnsten, anschlie\u00dfend zu den Tomaten in die Salatsch\u00fcssel geben.<\/li><li><strong>1 Zucchini<\/strong> (in W\u00fcrfel geschnitten) und <strong>20 g \u00d6l<\/strong> von den eingelegten getrockneten Tomaten in den Mixtopf geben und <strong>10 Min.\/120\u00b0C\/Linkslauf\/Stufe R\u00fchren<\/strong> d\u00fcnsten. Anschlie\u00dfend ebenfalls in die Salatsch\u00fcssel geben.<\/li><li><strong>500 g Wasser<\/strong> und <strong>250 g Beluga Linsen<\/strong> (getrocknet) in den Mixtopf geben und <strong>29 Min.\/100\u00b0C\/Linkslauf\/Stufe 1<\/strong>garen. Linsen abgie\u00dfen und in die Salatsch\u00fcssel geben.<\/li><li><strong>16 Bl\u00e4tter Basilikum<\/strong>, <strong>1 TL Rosmarin<\/strong>, <strong>10 EL (Balsamico-)Essig<\/strong>, <strong>10 EL<\/strong> von dem <strong>\u00d6l<\/strong> der eingelegten getrockneten Tomaten, <strong>1 TL Salz<\/strong> und <strong>Pfeffer<\/strong> in den Mixtopf geben, <strong>10 Sek.\/Stufe 6<\/strong> vermischen und unter den Salat r\u00fchren.<\/li><\/ol><h3>Notwendiges Zubeh\u00f6r<\/h3><ul><li>Thermomix TM 6<\/li><li>Salatsch\u00fcssel<\/li><li>Spatel<\/li><\/ul><h3>N\u00e4hrwerte pro Portion<\/h3><p><strong>Kalorien:<\/strong> variabel je nach Zutaten<br \/><strong>Protein:<\/strong> variabel<br \/><strong>Kohlenhydrate:<\/strong> variabel<br \/><strong>Fett:<\/strong> variabel<br \/><strong>Ballaststoffe:<\/strong> variabel<\/p><h3>Tipps &amp; Tricks<\/h3><ul><li>Der Salat schmeckt noch besser, wenn er einige Stunden im K\u00fchlschrank durchzieht.<\/li><li>Nach Belieben k\u00f6nnen weitere frische Kr\u00e4uter wie Petersilie hinzugef\u00fcgt werden.<\/li><\/ul>\t\t\t\t\t\t\t\t<\/div>\n\t\t\t\t<\/div>\n\t\t\t\t<\/div>\n\t\t\t\t<\/div>\n\t\t","protected":false},"excerpt":{"rendered":"<p>Linsensalat mit getrockneten Tomaten (Thermomix TM 6) Portionen: F\u00fcr 4 Personen Zutaten 1 Glas (ca. 160 g) in \u00d6l eingelegte getrocknete Tomaten (abgetropft) 1 Zwiebel (halbiert) 4 Zehen Knoblauch \u00d6l von den eingelegten getrockneten Tomaten 1 Zucchini (in W\u00fcrfel geschnitten) 500 g Wasser 250 g Beluga Linsen (getrocknet) 16 Bl\u00e4tter Basilikum 1 TL Rosmarin 10 [&hellip;]<\/p>\n","protected":false},"author":1,"featured_media":0,"parent":0,"menu_order":0,"comment_status":"closed","ping_status":"closed","template":"elementor_header_footer","meta":{"footnotes":""},"class_list":["post-697","page","type-page","status-publish","hentry"],"_links":{"self":[{"href":"http:\/\/merely-labeled.com\/index.php?rest_route=\/wp\/v2\/pages\/697","targetHints":{"allow":["GET"]}}],"collection":[{"href":"http:\/\/merely-labeled.com\/index.php?rest_route=\/wp\/v2\/pages"}],"about":[{"href":"http:\/\/merely-labeled.com\/index.php?rest_route=\/wp\/v2\/types\/page"}],"author":[{"embeddable":true,"href":"http:\/\/merely-labeled.com\/index.php?rest_route=\/wp\/v2\/users\/1"}],"replies":[{"embeddable":true,"href":"http:\/\/merely-labeled.com\/index.php?rest_route=%2Fwp%2Fv2%2Fcomments&post=697"}],"version-history":[{"count":7,"href":"http:\/\/merely-labeled.com\/index.php?rest_route=\/wp\/v2\/pages\/697\/revisions"}],"predecessor-version":[{"id":975,"href":"http:\/\/merely-labeled.com\/index.php?rest_route=\/wp\/v2\/pages\/697\/revisions\/975"}],"wp:attachment":[{"href":"http:\/\/merely-labeled.com\/index.php?rest_route=%2Fwp%2Fv2%2Fmedia&parent=697"}],"curies":[{"name":"wp","href":"https:\/\/api.w.org\/{rel}","templated":true}]}}