{"id":657,"date":"2024-08-18T10:10:25","date_gmt":"2024-08-18T08:10:25","guid":{"rendered":"http:\/\/merely-labeled.com\/?page_id=657"},"modified":"2026-03-27T21:05:20","modified_gmt":"2026-03-27T20:05:20","slug":"thai-tofu-curry-thermomix-tm-6","status":"publish","type":"page","link":"http:\/\/merely-labeled.com\/?page_id=657","title":{"rendered":"Thai Tofu Curry (Thermomix TM 6)"},"content":{"rendered":"\t\t<div data-elementor-type=\"wp-page\" data-elementor-id=\"657\" class=\"elementor elementor-657\" data-elementor-post-type=\"page\">\n\t\t\t\t<div class=\"elementor-element elementor-element-4291c534 e-con-full e-flex e-con e-parent\" data-id=\"4291c534\" data-element_type=\"container\" data-e-type=\"container\" data-settings=\"{&quot;background_background&quot;:&quot;gradient&quot;}\">\n\t\t\t\t<div class=\"elementor-element elementor-element-7d21f30b elementor-widget elementor-widget-heading\" data-id=\"7d21f30b\" data-element_type=\"widget\" data-e-type=\"widget\" data-widget_type=\"heading.default\">\n\t\t\t\t<div class=\"elementor-widget-container\">\n\t\t\t\t\t<h2 class=\"elementor-heading-title elementor-size-default\">Thai Tofu Curry (Thermomix TM 6)<\/h2>\t\t\t\t<\/div>\n\t\t\t\t<\/div>\n\t\t\t\t<div class=\"elementor-element elementor-element-1980722 elementor-widget__width-inherit elementor-widget-divider--view-line elementor-invisible elementor-widget elementor-widget-divider\" data-id=\"1980722\" data-element_type=\"widget\" data-e-type=\"widget\" data-settings=\"{&quot;_animation&quot;:&quot;fadeInLeft&quot;}\" data-widget_type=\"divider.default\">\n\t\t\t\t<div class=\"elementor-widget-container\">\n\t\t\t\t\t\t\t<div class=\"elementor-divider\">\n\t\t\t<span class=\"elementor-divider-separator\">\n\t\t\t\t\t\t<\/span>\n\t\t<\/div>\n\t\t\t\t\t\t<\/div>\n\t\t\t\t<\/div>\n\t\t\t\t<div class=\"elementor-element elementor-element-2ba7efd elementor-widget elementor-widget-text-editor\" data-id=\"2ba7efd\" data-element_type=\"widget\" data-e-type=\"widget\" data-widget_type=\"text-editor.default\">\n\t\t\t\t<div class=\"elementor-widget-container\">\n\t\t\t\t\t\t\t\t\t<p><strong>Portionen:<\/strong> F\u00fcr 4 Personen<\/p><h3>Zutaten<\/h3><ul><li><strong>4 cm<\/strong> Ingwer (in Scheiben)<\/li><li><strong>1<\/strong> Chili<\/li><li><strong>4<\/strong> Zehen Knoblauch<\/li><li><strong>1<\/strong> Zwiebel (halbiert)<\/li><li><strong>10 g<\/strong> \u00d6l<\/li><li><strong>3 Packungen<\/strong> Tofu (w\u00fcrfelig geschnitten)<\/li><li><strong>2 TL<\/strong> Korianderpulver<\/li><li><strong>2 TL<\/strong> K\u00fcmmel (gemahlen)<\/li><li><strong>1\/4 TL<\/strong> Zimtpulver<\/li><li><strong>2 TL<\/strong> Zucker<\/li><li><strong>1 Dose<\/strong> Kokosmilch<\/li><li><strong>5 EL<\/strong> Sojasauce<\/li><li><strong>1 Bund<\/strong> Petersilie (Bl\u00e4tter gezupft, Stiele grob gehackt)<\/li><li><strong>Saft von 1<\/strong> Zitrone<\/li><li><strong>200 g<\/strong> Reis<\/li><li><strong>500 g<\/strong> Wasser<\/li><li><strong>1 TL<\/strong> Salz<\/li><\/ul><h3>Zubereitung<\/h3><ol><li><strong>4 cm Ingwer<\/strong> (in Scheiben), <strong>1 Chili<\/strong>, <strong>4 Zehen Knoblauch<\/strong> und <strong>1 Zwiebel<\/strong> (halbiert) in den Mixtopf geben und <strong>5 Sek.\/Stufe 5<\/strong> zerkleinern.<\/li><li><strong>10 g \u00d6l<\/strong> dazugeben und <strong>5 Min.\/120\u00b0C\/Stufe 1<\/strong> d\u00fcnsten. W\u00e4hrenddessen <strong>3 Packungen Tofu<\/strong> (w\u00fcrfelig geschnitten) in einer Pfanne in \u00d6l anbraten.<\/li><li><strong>2 TL Korianderpulver<\/strong>, <strong>2 TL K\u00fcmmel<\/strong> (gemahlen) und <strong>1\/4 TL Zimtpulver<\/strong> dazugeben und <strong>1 Min.\/120\u00b0C\/Stufe 1<\/strong>d\u00fcnsten.<\/li><li><strong>2 TL Zucker<\/strong>, <strong>1 Dose Kokosmilch<\/strong>, <strong>5 EL Sojasauce<\/strong> und <strong>1 Bund Petersilie<\/strong> (Bl\u00e4tter gezupft, Stiele grob gehackt) zugeben und <strong>30 Sek.\/Stufe 8<\/strong> p\u00fcrieren.<\/li><li>Den angebratenen Tofu in der Pfanne mit der Sauce abl\u00f6schen und die Temperatur herunterdrehen.<\/li><li>Mit Zitronensaft von <strong>1 Zitrone<\/strong> und zus\u00e4tzlicher Sojasauce nach Geschmack abschmecken.<\/li><\/ol><h4>Reis zubereiten:<\/h4><ol start=\"7\"><li><strong>200 g Basmatireis<\/strong> in den Gareinsatz geben und gr\u00fcndlich mit Wasser absp\u00fclen.<\/li><li><strong>500 g Wasser<\/strong> und <strong>1 TL Salz<\/strong> in den Mixtopf geben. Gareinsatz mit Reis einh\u00e4ngen und <strong>18 Min.\/Varoma\/Stufe 4<\/strong>garen.<\/li><li>Reis zusammen mit dem Thai Tofu Curry servieren.<\/li><\/ol><h3>Tipps &amp; Tricks<\/h3><ul><li><strong>Tofu marinieren:<\/strong> F\u00fcr extra Geschmack kann der Tofu vor dem Anbraten mariniert werden. Eine einfache Marinade aus Sojasauce, Sesam\u00f6l und etwas Knoblauch gibt dem Tofu einen intensiveren Geschmack.<\/li><li><strong>Knuspriger Tofu:<\/strong> Wenn du knusprigen Tofu bevorzugst, kannst du den Tofu nach dem Marinieren mit etwas Maisst\u00e4rke best\u00e4uben, bevor du ihn anbr\u00e4tst.<\/li><li><strong>Gem\u00fcse hinzuf\u00fcgen:<\/strong> Du kannst zus\u00e4tzliches Gem\u00fcse wie Paprika, Zucchini oder Karotten hinzuf\u00fcgen, um das Curry bunter und n\u00e4hrstoffreicher zu machen. Einfach das Gem\u00fcse zusammen mit dem Tofu in der Pfanne anbraten.<\/li><li><strong>Frische Kr\u00e4uter:<\/strong> Petersilie kann durch frischen Koriander ersetzt werden, um dem Gericht eine noch authentischere thail\u00e4ndische Note zu verleihen.<\/li><li><strong>Curry variieren:<\/strong> Anstelle von Petersilie kann auch Thai-Basilikum verwendet werden, um dem Curry eine ganz besondere Geschmacksnote zu verleihen.<\/li><li><strong>Resteverwertung:<\/strong> Reste des Currys lassen sich gut einfrieren und sp\u00e4ter wieder aufw\u00e4rmen. Der Geschmack wird durch das Ziehen sogar noch intensiver.<\/li><\/ul>\t\t\t\t\t\t\t\t<\/div>\n\t\t\t\t<\/div>\n\t\t\t\t<\/div>\n\t\t\t\t<\/div>\n\t\t","protected":false},"excerpt":{"rendered":"<p>Thai Tofu Curry (Thermomix TM 6) Portionen: F\u00fcr 4 Personen Zutaten 4 cm Ingwer (in Scheiben) 1 Chili 4 Zehen Knoblauch 1 Zwiebel (halbiert) 10 g \u00d6l 3 Packungen Tofu (w\u00fcrfelig geschnitten) 2 TL Korianderpulver 2 TL K\u00fcmmel (gemahlen) 1\/4 TL Zimtpulver 2 TL Zucker 1 Dose Kokosmilch 5 EL Sojasauce 1 Bund Petersilie (Bl\u00e4tter [&hellip;]<\/p>\n","protected":false},"author":1,"featured_media":0,"parent":0,"menu_order":0,"comment_status":"closed","ping_status":"closed","template":"elementor_header_footer","meta":{"footnotes":""},"class_list":["post-657","page","type-page","status-publish","hentry"],"_links":{"self":[{"href":"http:\/\/merely-labeled.com\/index.php?rest_route=\/wp\/v2\/pages\/657","targetHints":{"allow":["GET"]}}],"collection":[{"href":"http:\/\/merely-labeled.com\/index.php?rest_route=\/wp\/v2\/pages"}],"about":[{"href":"http:\/\/merely-labeled.com\/index.php?rest_route=\/wp\/v2\/types\/page"}],"author":[{"embeddable":true,"href":"http:\/\/merely-labeled.com\/index.php?rest_route=\/wp\/v2\/users\/1"}],"replies":[{"embeddable":true,"href":"http:\/\/merely-labeled.com\/index.php?rest_route=%2Fwp%2Fv2%2Fcomments&post=657"}],"version-history":[{"count":10,"href":"http:\/\/merely-labeled.com\/index.php?rest_route=\/wp\/v2\/pages\/657\/revisions"}],"predecessor-version":[{"id":1860,"href":"http:\/\/merely-labeled.com\/index.php?rest_route=\/wp\/v2\/pages\/657\/revisions\/1860"}],"wp:attachment":[{"href":"http:\/\/merely-labeled.com\/index.php?rest_route=%2Fwp%2Fv2%2Fmedia&parent=657"}],"curies":[{"name":"wp","href":"https:\/\/api.w.org\/{rel}","templated":true}]}}