{"id":356,"date":"2024-04-07T07:59:57","date_gmt":"2024-04-07T05:59:57","guid":{"rendered":"http:\/\/merely-labeled.com\/?page_id=356"},"modified":"2025-06-21T18:05:07","modified_gmt":"2025-06-21T16:05:07","slug":"buddha-bowl","status":"publish","type":"page","link":"http:\/\/merely-labeled.com\/?page_id=356","title":{"rendered":"Buddha Bowl"},"content":{"rendered":"\t\t<div data-elementor-type=\"wp-page\" data-elementor-id=\"356\" class=\"elementor elementor-356\" data-elementor-post-type=\"page\">\n\t\t\t\t<div class=\"elementor-element elementor-element-ead2fbe e-con-full e-flex e-con e-parent\" data-id=\"ead2fbe\" data-element_type=\"container\" data-e-type=\"container\" data-settings=\"{&quot;background_background&quot;:&quot;gradient&quot;}\">\n\t\t\t\t<div class=\"elementor-element elementor-element-3b7bdf6a elementor-widget elementor-widget-heading\" data-id=\"3b7bdf6a\" data-element_type=\"widget\" data-e-type=\"widget\" data-widget_type=\"heading.default\">\n\t\t\t\t<div class=\"elementor-widget-container\">\n\t\t\t\t\t<h2 class=\"elementor-heading-title elementor-size-default\">Buddha Bowl<\/h2>\t\t\t\t<\/div>\n\t\t\t\t<\/div>\n\t\t\t\t<div class=\"elementor-element elementor-element-6ecbf934 elementor-widget__width-inherit elementor-widget-divider--view-line elementor-invisible elementor-widget elementor-widget-divider\" data-id=\"6ecbf934\" data-element_type=\"widget\" data-e-type=\"widget\" data-settings=\"{&quot;_animation&quot;:&quot;fadeInLeft&quot;}\" data-widget_type=\"divider.default\">\n\t\t\t\t<div class=\"elementor-widget-container\">\n\t\t\t\t\t\t\t<div class=\"elementor-divider\">\n\t\t\t<span class=\"elementor-divider-separator\">\n\t\t\t\t\t\t<\/span>\n\t\t<\/div>\n\t\t\t\t\t\t<\/div>\n\t\t\t\t<\/div>\n\t\t\t\t<div class=\"elementor-element elementor-element-7ba01f13 elementor-widget elementor-widget-text-editor\" data-id=\"7ba01f13\" data-element_type=\"widget\" data-e-type=\"widget\" data-widget_type=\"text-editor.default\">\n\t\t\t\t<div class=\"elementor-widget-container\">\n\t\t\t\t\t\t\t\t\t<p><strong>Portionen<\/strong> F\u00fcr 2 Personen<\/p><h3>Zutaten<\/h3><h4>Grundlage<\/h4><ul><li data-start=\"239\" data-end=\"271\">100 g Reis (Jasmin oder Basmati)<\/li><li data-start=\"274\" data-end=\"323\">1 Packung Tofu (ca. 200 g), in W\u00fcrfel geschnitten<\/li><li data-start=\"326\" data-end=\"387\">1 Paprika (rot oder gelb), in mundgerechte St\u00fccke geschnitten<\/li><li data-start=\"390\" data-end=\"411\">ca. 150 g TK-Brokkoli<\/li><li data-start=\"414\" data-end=\"455\">ca. 100 g TK-Karotten (z. B. in Scheiben)<\/li><li data-start=\"458\" data-end=\"515\">1 S\u00fc\u00dfkartoffel, gesch\u00e4lt und in kleine W\u00fcrfel geschnitten<\/li><li data-start=\"518\" data-end=\"560\">\u00d6l zum Anbraten (z. B. Raps- oder Sesam\u00f6l)<\/li><li data-start=\"563\" data-end=\"612\">Optional: Sesam &amp; Fr\u00fchlingszwiebeln zum Garniere<\/li><\/ul><h4>Dressing<\/h4><ul><li data-start=\"694\" data-end=\"718\">60 g Tahini (Sesampaste)<\/li><li data-start=\"721\" data-end=\"757\">Saft von 1 gro\u00dfen Zitrone (ca. 50 g)<\/li><li data-start=\"760\" data-end=\"819\">1\u20132 Knoblauchzehen (ca. 5\u201310 g), fein gehackt oder gepresst<\/li><li data-start=\"822\" data-end=\"835\">30 g Oliven\u00f6l<\/li><li data-start=\"838\" data-end=\"897\">5 g Ahornsirup oder Honig (optional, f\u00fcr eine leichte S\u00fc\u00dfe)<\/li><li data-start=\"900\" data-end=\"931\">Salz und Pfeffer nach Geschmack<\/li><li data-start=\"934\" data-end=\"983\">ca. 60 ml Wasser (zur Einstellung der Konsistenz)<\/li><\/ul><h3>Zubereitung<\/h3><ol><li data-start=\"1010\" data-end=\"1110\"><strong>100 g Reis<\/strong> nach Packungsanleitung zubereiten (1 Teil Reis auf 2 Teile Wasser).<\/li><li data-start=\"1115\" data-end=\"1347\"><strong>1 S\u00fc\u00dfkartoffel<\/strong> sch\u00e4len und in kleine W\u00fcrfel schneiden. In einer Pfanne mit etwas \u00d6l (ca. 1\u20132 EL) anbraten oder im Ofen bei 200\u00b0C f\u00fcr ca. 20 Minuten r\u00f6sten, bis sie weich und leicht karamellisiert ist.<\/li><li data-start=\"1352\" data-end=\"1550\"><strong>1 Packung Tofu (ca. 200 g)<\/strong> in W\u00fcrfel schneiden und mit <strong>1 TL Sojaso\u00dfe<\/strong> marinieren. In einer Pfanne mit etwas \u00d6l (ca. 1\u20132 EL) anbraten, bis der Tofu goldbraun und knusprig wird.<\/li><li data-start=\"1555\" data-end=\"1846\">150 g TK-Brokkoli und <strong>100 g TK-Karotten<\/strong> in einer Pfanne mit etwas \u00d6l (ca. 1 EL) ca. 6\u20138 Minuten braten oder d\u00e4mpfen, bis sie bissfest sind. <strong>1 Paprika<\/strong> in mundgerechte St\u00fccke schneiden und zuletzt in die Pfanne geben, nur kurz anbraten, damit sie noch etwas Biss hat.<\/li><li data-start=\"1851\" data-end=\"2142\"><strong>60 g Tahini, 50 g Zitronensaft, 5\u201310 g Knoblauch, 30 g Oliven\u00f6l, 5 g Ahornsirup (optional)<\/strong> in einer Sch\u00fcssel vermengen. Mit <strong>60 ml Wasser<\/strong> so verd\u00fcnnen, dass die So\u00dfe eine cremige bis fl\u00fcssige Konsistenz bekommt. Mit <strong>Salz<\/strong> und <strong>Pfeffer<\/strong> nach Geschmack w\u00fcrzen.<\/li><li data-start=\"2147\" data-end=\"2402\">Den Reis als Grundlage in zwei Schalen (oder Meal-Prep-Dosen) legen. Die gebratene S\u00fc\u00dfkartoffel, das Gem\u00fcse und den Tofu darauf anrichten. Mit dem Tahini-Dressing betr\u00e4ufeln und optional mit Sesam oder Fr\u00fchlingszwiebeln garnieren.<\/li><\/ol>\t\t\t\t\t\t\t\t<\/div>\n\t\t\t\t<\/div>\n\t\t\t\t<\/div>\n\t\t\t\t<\/div>\n\t\t","protected":false},"excerpt":{"rendered":"<p>Buddha Bowl Portionen F\u00fcr 2 Personen Zutaten Grundlage 100 g Reis (Jasmin oder Basmati) 1 Packung Tofu (ca. 200 g), in W\u00fcrfel geschnitten 1 Paprika (rot oder gelb), in mundgerechte St\u00fccke geschnitten ca. 150 g TK-Brokkoli ca. 100 g TK-Karotten (z. B. in Scheiben) 1 S\u00fc\u00dfkartoffel, gesch\u00e4lt und in kleine W\u00fcrfel geschnitten \u00d6l zum Anbraten [&hellip;]<\/p>\n","protected":false},"author":1,"featured_media":0,"parent":9,"menu_order":0,"comment_status":"closed","ping_status":"closed","template":"elementor_header_footer","meta":{"footnotes":""},"class_list":["post-356","page","type-page","status-publish","hentry"],"_links":{"self":[{"href":"http:\/\/merely-labeled.com\/index.php?rest_route=\/wp\/v2\/pages\/356","targetHints":{"allow":["GET"]}}],"collection":[{"href":"http:\/\/merely-labeled.com\/index.php?rest_route=\/wp\/v2\/pages"}],"about":[{"href":"http:\/\/merely-labeled.com\/index.php?rest_route=\/wp\/v2\/types\/page"}],"author":[{"embeddable":true,"href":"http:\/\/merely-labeled.com\/index.php?rest_route=\/wp\/v2\/users\/1"}],"replies":[{"embeddable":true,"href":"http:\/\/merely-labeled.com\/index.php?rest_route=%2Fwp%2Fv2%2Fcomments&post=356"}],"version-history":[{"count":10,"href":"http:\/\/merely-labeled.com\/index.php?rest_route=\/wp\/v2\/pages\/356\/revisions"}],"predecessor-version":[{"id":1735,"href":"http:\/\/merely-labeled.com\/index.php?rest_route=\/wp\/v2\/pages\/356\/revisions\/1735"}],"up":[{"embeddable":true,"href":"http:\/\/merely-labeled.com\/index.php?rest_route=\/wp\/v2\/pages\/9"}],"wp:attachment":[{"href":"http:\/\/merely-labeled.com\/index.php?rest_route=%2Fwp%2Fv2%2Fmedia&parent=356"}],"curies":[{"name":"wp","href":"https:\/\/api.w.org\/{rel}","templated":true}]}}