{"id":35,"date":"2024-01-13T22:12:18","date_gmt":"2024-01-13T21:12:18","guid":{"rendered":"http:\/\/merely-labeled.com\/?page_id=35"},"modified":"2024-08-18T15:10:37","modified_gmt":"2024-08-18T13:10:37","slug":"huehnersuppe","status":"publish","type":"page","link":"http:\/\/merely-labeled.com\/?page_id=35","title":{"rendered":"H\u00fchnersuppe"},"content":{"rendered":"\t\t<div data-elementor-type=\"wp-page\" data-elementor-id=\"35\" class=\"elementor elementor-35\" data-elementor-post-type=\"page\">\n\t\t\t\t<div class=\"elementor-element elementor-element-598df90 e-con-full e-flex e-con e-parent\" data-id=\"598df90\" data-element_type=\"container\" data-e-type=\"container\" data-settings=\"{&quot;background_background&quot;:&quot;gradient&quot;}\">\n\t\t\t\t<div class=\"elementor-element elementor-element-d9a3eee elementor-widget elementor-widget-heading\" data-id=\"d9a3eee\" data-element_type=\"widget\" data-e-type=\"widget\" data-widget_type=\"heading.default\">\n\t\t\t\t<div class=\"elementor-widget-container\">\n\t\t\t\t\t<h2 class=\"elementor-heading-title elementor-size-default\">H\u00fchnersuppe<\/h2>\t\t\t\t<\/div>\n\t\t\t\t<\/div>\n\t\t\t\t<div class=\"elementor-element elementor-element-734675a elementor-widget__width-inherit elementor-widget-divider--view-line elementor-invisible elementor-widget elementor-widget-divider\" data-id=\"734675a\" data-element_type=\"widget\" data-e-type=\"widget\" data-settings=\"{&quot;_animation&quot;:&quot;fadeInLeft&quot;}\" data-widget_type=\"divider.default\">\n\t\t\t\t<div class=\"elementor-widget-container\">\n\t\t\t\t\t\t\t<div class=\"elementor-divider\">\n\t\t\t<span class=\"elementor-divider-separator\">\n\t\t\t\t\t\t<\/span>\n\t\t<\/div>\n\t\t\t\t\t\t<\/div>\n\t\t\t\t<\/div>\n\t\t\t\t<div class=\"elementor-element elementor-element-fd364ff elementor-widget elementor-widget-text-editor\" data-id=\"fd364ff\" data-element_type=\"widget\" data-e-type=\"widget\" data-widget_type=\"text-editor.default\">\n\t\t\t\t<div class=\"elementor-widget-container\">\n\t\t\t\t\t\t\t\t\t<p><strong>Portionen<\/strong> F\u00fcr 6-8 Personen<\/p><h3>Zutaten<\/h3><ul><li><strong>1<\/strong> Suppenhuhn (ca. 1,2 kg)<\/li><li><strong>1<\/strong> Zwiebel (grob gew\u00fcrfelt)<\/li><li><strong>1,5 kg<\/strong> Suppengem\u00fcse (grob gew\u00fcrfelt)<\/li><li><strong>1<\/strong> Lorbeerblatt<\/li><li><strong>1 EL<\/strong> Salz<\/li><li><strong>5<\/strong> schwarze Pfefferk\u00f6rner<\/li><li><strong>3 Liter<\/strong> Wasser<\/li><li><strong>35 g<\/strong> Suppennudeln pro Teller (nach Packungsanweisung gekocht)<\/li><li>Salz und Pfeffer (zum Abschmecken)<\/li><\/ul><h3>Zubereitung<\/h3><ol><li><strong>1 Suppenhuhn<\/strong> mit K\u00fcchenpapier trocken tupfen und in einen gro\u00dfen Topf geben.<\/li><li><strong>1 Zwiebel<\/strong>, <strong>1,5 kg Suppengem\u00fcse<\/strong>, <strong>1 Lorbeerblatt<\/strong>, <strong>1 EL Salz<\/strong> und <strong>5 schwarze Pfefferk\u00f6rner<\/strong> in den Topf geben.<\/li><li>Mit <strong>3 Liter Wasser<\/strong> auff\u00fcllen, einmal aufkochen und mindestens 40 Minuten bis zu 12 Stunden k\u00f6cheln lassen.<\/li><li>W\u00e4hrend des Kochens den sich bildenden Schaum immer wieder absch\u00f6pfen, damit die Suppe sch\u00f6n klar bleibt.<\/li><li>Huhn herausnehmen, etwas abk\u00fchlen lassen, das Fleisch von den Knochen l\u00f6sen und in St\u00fccke rei\u00dfen.<\/li><li>H\u00fchnerbr\u00fche durch ein Sieb gie\u00dfen, dabei die Br\u00fche auffangen.<\/li><li>Gem\u00fcse und Gew\u00fcrze mit dem Fleisch vermengen und als Einlage verwenden.<\/li><li><strong>35 g Suppennudeln pro Teller<\/strong> nach Packungsanweisung kochen und der H\u00fchnerbr\u00fche zugeben.<\/li><li>H\u00fchnersuppe mit Salz und Pfeffer abschmecken.<\/li><\/ol><h3>Notwendiges Zubeh\u00f6r<\/h3><ul><li>Gro\u00dfer Topf<\/li><li>Sieb<\/li><li>K\u00fcchenpapier<\/li><\/ul><h3>N\u00e4hrwerte pro 1 Portion<\/h3><ul><li><strong>Kalorien:<\/strong> 735 kJ \/ 175 kcal<\/li><li><strong>Protein:<\/strong> 18 g<\/li><li><strong>Kohlenhydrate:<\/strong> 10 g<\/li><li><strong>Fett:<\/strong> 7 g<\/li><li><strong>Ballaststoffe:<\/strong> 2 g<\/li><\/ul><h3>Tipps &amp; Tricks<\/h3><ul><li><strong>L\u00e4ngere Kochzeit:<\/strong> Wenn du die Suppe \u00fcber mehrere Stunden k\u00f6cheln l\u00e4sst, wird sie intensiver im Geschmack. Eine Kochzeit von 3-4 Stunden ist ideal, um das Maximum an Geschmack aus dem Huhn und dem Gem\u00fcse herauszuholen.<\/li><li><strong>Klarere Suppe:<\/strong> Um die Suppe besonders klar zu halten, kann die Br\u00fche nach dem Sieben zus\u00e4tzlich durch ein Passiertuch oder ein K\u00fcchenpapier gefiltert werden.<\/li><li><strong>Frische Kr\u00e4uter:<\/strong> Zum Abschluss kann die Suppe mit frischen Kr\u00e4utern wie Petersilie oder Schnittlauch bestreut werden, um einen frischen Geschmack zu erhalten.<\/li><\/ul>\t\t\t\t\t\t\t\t<\/div>\n\t\t\t\t<\/div>\n\t\t\t\t<\/div>\n\t\t\t\t<\/div>\n\t\t","protected":false},"excerpt":{"rendered":"<p>H\u00fchnersuppe Portionen F\u00fcr 6-8 Personen Zutaten 1 Suppenhuhn (ca. 1,2 kg) 1 Zwiebel (grob gew\u00fcrfelt) 1,5 kg Suppengem\u00fcse (grob gew\u00fcrfelt) 1 Lorbeerblatt 1 EL Salz 5 schwarze Pfefferk\u00f6rner 3 Liter Wasser 35 g Suppennudeln pro Teller (nach Packungsanweisung gekocht) Salz und Pfeffer (zum Abschmecken) Zubereitung 1 Suppenhuhn mit K\u00fcchenpapier trocken tupfen und in einen gro\u00dfen [&hellip;]<\/p>\n","protected":false},"author":1,"featured_media":0,"parent":9,"menu_order":0,"comment_status":"closed","ping_status":"closed","template":"elementor_header_footer","meta":{"footnotes":""},"class_list":["post-35","page","type-page","status-publish","hentry"],"_links":{"self":[{"href":"http:\/\/merely-labeled.com\/index.php?rest_route=\/wp\/v2\/pages\/35","targetHints":{"allow":["GET"]}}],"collection":[{"href":"http:\/\/merely-labeled.com\/index.php?rest_route=\/wp\/v2\/pages"}],"about":[{"href":"http:\/\/merely-labeled.com\/index.php?rest_route=\/wp\/v2\/types\/page"}],"author":[{"embeddable":true,"href":"http:\/\/merely-labeled.com\/index.php?rest_route=\/wp\/v2\/users\/1"}],"replies":[{"embeddable":true,"href":"http:\/\/merely-labeled.com\/index.php?rest_route=%2Fwp%2Fv2%2Fcomments&post=35"}],"version-history":[{"count":10,"href":"http:\/\/merely-labeled.com\/index.php?rest_route=\/wp\/v2\/pages\/35\/revisions"}],"predecessor-version":[{"id":875,"href":"http:\/\/merely-labeled.com\/index.php?rest_route=\/wp\/v2\/pages\/35\/revisions\/875"}],"up":[{"embeddable":true,"href":"http:\/\/merely-labeled.com\/index.php?rest_route=\/wp\/v2\/pages\/9"}],"wp:attachment":[{"href":"http:\/\/merely-labeled.com\/index.php?rest_route=%2Fwp%2Fv2%2Fmedia&parent=35"}],"curies":[{"name":"wp","href":"https:\/\/api.w.org\/{rel}","templated":true}]}}