{"id":257,"date":"2024-01-21T21:24:05","date_gmt":"2024-01-21T20:24:05","guid":{"rendered":"http:\/\/merely-labeled.com\/?page_id=257"},"modified":"2024-08-18T15:33:45","modified_gmt":"2024-08-18T13:33:45","slug":"reis","status":"publish","type":"page","link":"http:\/\/merely-labeled.com\/?page_id=257","title":{"rendered":"Reis (Thermomix TM 6)"},"content":{"rendered":"\t\t<div data-elementor-type=\"wp-page\" data-elementor-id=\"257\" class=\"elementor elementor-257\" data-elementor-post-type=\"page\">\n\t\t\t\t<div class=\"elementor-element elementor-element-6c5fa22e e-con-full e-flex e-con e-parent\" data-id=\"6c5fa22e\" data-element_type=\"container\" data-e-type=\"container\" data-settings=\"{&quot;background_background&quot;:&quot;gradient&quot;}\">\n\t\t\t\t<div class=\"elementor-element elementor-element-ac6be84 elementor-widget elementor-widget-heading\" data-id=\"ac6be84\" data-element_type=\"widget\" data-e-type=\"widget\" data-widget_type=\"heading.default\">\n\t\t\t\t<div class=\"elementor-widget-container\">\n\t\t\t\t\t<h2 class=\"elementor-heading-title elementor-size-default\">Reis (Thermomix TM 6)<\/h2>\t\t\t\t<\/div>\n\t\t\t\t<\/div>\n\t\t\t\t<div class=\"elementor-element elementor-element-5a18dc0e elementor-widget__width-inherit elementor-widget-divider--view-line elementor-invisible elementor-widget elementor-widget-divider\" data-id=\"5a18dc0e\" data-element_type=\"widget\" data-e-type=\"widget\" data-settings=\"{&quot;_animation&quot;:&quot;fadeInLeft&quot;}\" data-widget_type=\"divider.default\">\n\t\t\t\t<div class=\"elementor-widget-container\">\n\t\t\t\t\t\t\t<div class=\"elementor-divider\">\n\t\t\t<span class=\"elementor-divider-separator\">\n\t\t\t\t\t\t<\/span>\n\t\t<\/div>\n\t\t\t\t\t\t<\/div>\n\t\t\t\t<\/div>\n\t\t\t\t<div class=\"elementor-element elementor-element-53eea561 elementor-widget elementor-widget-text-editor\" data-id=\"53eea561\" data-element_type=\"widget\" data-e-type=\"widget\" data-widget_type=\"text-editor.default\">\n\t\t\t\t<div class=\"elementor-widget-container\">\n\t\t\t\t\t\t\t\t\t<p><strong>Portionen<\/strong> F\u00fcr 2-6 Personen<\/p><h3>Zutaten<\/h3><ul><li><strong>50 \u2013 350 g<\/strong> Reis (Garzeit 12-16 Minuten)<\/li><li><strong>1 \u00bd TL<\/strong> Salz<\/li><li><strong>1000 g<\/strong> Wasser<\/li><\/ul><h3>Zubereitung<\/h3><ol><li><strong>50 \u2013 350 g Reis<\/strong> in den Gareinsatz einwiegen und unter flie\u00dfendem Wasser gr\u00fcndlich waschen.<\/li><li><strong>1 \u00bd TL Salz<\/strong> und <strong>1000 g Wasser<\/strong> in den Mixtopf geben.<\/li><li>Gareinsatz mit dem Reis einh\u00e4ngen und <strong>20 Min.\/100\u00b0C\/Stufe 4<\/strong> garen.<\/li><li>Den Reis nach dem Garen aus dem Gareinsatz nehmen und servieren.<\/li><\/ol><h3>Notwendiges Zubeh\u00f6r<\/h3><ul><li>Gareinsatz<\/li><li>Mixtopf<\/li><\/ul><h3>N\u00e4hrwerte pro 1 Portion (100 g gekochter Reis)<\/h3><ul><li><strong>Kalorien:<\/strong> 669 kJ \/ 160 kcal<\/li><li><strong>Protein:<\/strong> 3 g<\/li><li><strong>Kohlenhydrate:<\/strong> 36 g<\/li><li><strong>Fett:<\/strong> 0.3 g<\/li><li><strong>Ballaststoffe:<\/strong> 1 g<\/li><\/ul><h3>Tipps &amp; Tricks<\/h3><ul><li><strong>Reisvariationen:<\/strong> F\u00fcr zus\u00e4tzlichen Geschmack kannst du das Wasser durch Gem\u00fcsebr\u00fche ersetzen oder Gew\u00fcrze wie Lorbeerblatt oder Kardamom hinzuf\u00fcgen.<\/li><li><strong>Resteverwertung:<\/strong> Gekochten Reis, der \u00fcbrig bleibt, kannst du hervorragend f\u00fcr gebratenen Reis am n\u00e4chsten Tag verwenden. Einfach in der Pfanne mit Gem\u00fcse und Ei anbraten.<\/li><\/ul>\t\t\t\t\t\t\t\t<\/div>\n\t\t\t\t<\/div>\n\t\t\t\t<\/div>\n\t\t\t\t<\/div>\n\t\t","protected":false},"excerpt":{"rendered":"<p>Reis (Thermomix TM 6) Portionen F\u00fcr 2-6 Personen Zutaten 50 \u2013 350 g Reis (Garzeit 12-16 Minuten) 1 \u00bd TL Salz 1000 g Wasser Zubereitung 50 \u2013 350 g Reis in den Gareinsatz einwiegen und unter flie\u00dfendem Wasser gr\u00fcndlich waschen. 1 \u00bd TL Salz und 1000 g Wasser in den Mixtopf geben. Gareinsatz mit dem [&hellip;]<\/p>\n","protected":false},"author":1,"featured_media":0,"parent":9,"menu_order":0,"comment_status":"closed","ping_status":"closed","template":"elementor_header_footer","meta":{"footnotes":""},"class_list":["post-257","page","type-page","status-publish","hentry"],"_links":{"self":[{"href":"http:\/\/merely-labeled.com\/index.php?rest_route=\/wp\/v2\/pages\/257","targetHints":{"allow":["GET"]}}],"collection":[{"href":"http:\/\/merely-labeled.com\/index.php?rest_route=\/wp\/v2\/pages"}],"about":[{"href":"http:\/\/merely-labeled.com\/index.php?rest_route=\/wp\/v2\/types\/page"}],"author":[{"embeddable":true,"href":"http:\/\/merely-labeled.com\/index.php?rest_route=\/wp\/v2\/users\/1"}],"replies":[{"embeddable":true,"href":"http:\/\/merely-labeled.com\/index.php?rest_route=%2Fwp%2Fv2%2Fcomments&post=257"}],"version-history":[{"count":10,"href":"http:\/\/merely-labeled.com\/index.php?rest_route=\/wp\/v2\/pages\/257\/revisions"}],"predecessor-version":[{"id":881,"href":"http:\/\/merely-labeled.com\/index.php?rest_route=\/wp\/v2\/pages\/257\/revisions\/881"}],"up":[{"embeddable":true,"href":"http:\/\/merely-labeled.com\/index.php?rest_route=\/wp\/v2\/pages\/9"}],"wp:attachment":[{"href":"http:\/\/merely-labeled.com\/index.php?rest_route=%2Fwp%2Fv2%2Fmedia&parent=257"}],"curies":[{"name":"wp","href":"https:\/\/api.w.org\/{rel}","templated":true}]}}