{"id":1018,"date":"2024-08-18T18:30:01","date_gmt":"2024-08-18T16:30:01","guid":{"rendered":"http:\/\/merely-labeled.com\/?page_id=1018"},"modified":"2026-04-17T14:10:21","modified_gmt":"2026-04-17T12:10:21","slug":"cottage-cheese-gemueseauflauf-thermomix-tm-6","status":"publish","type":"page","link":"http:\/\/merely-labeled.com\/?page_id=1018","title":{"rendered":"Cottage Cheese Gem\u00fcseauflauf (Thermomix TM 6)"},"content":{"rendered":"\t\t<div data-elementor-type=\"wp-page\" data-elementor-id=\"1018\" class=\"elementor elementor-1018\" data-elementor-post-type=\"page\">\n\t\t\t\t<div class=\"elementor-element elementor-element-becf116 e-con-full e-flex e-con e-parent\" data-id=\"becf116\" data-element_type=\"container\" data-e-type=\"container\" data-settings=\"{&quot;background_background&quot;:&quot;gradient&quot;}\">\n\t\t\t\t<div class=\"elementor-element elementor-element-6ae8403f elementor-widget elementor-widget-heading\" data-id=\"6ae8403f\" data-element_type=\"widget\" data-e-type=\"widget\" data-widget_type=\"heading.default\">\n\t\t\t\t<div class=\"elementor-widget-container\">\n\t\t\t\t\t<h2 class=\"elementor-heading-title elementor-size-default\">Cottage Cheese Gem\u00fcseauflauf (Thermomix TM 6)<\/h2>\t\t\t\t<\/div>\n\t\t\t\t<\/div>\n\t\t\t\t<div class=\"elementor-element elementor-element-6ab98706 elementor-widget__width-inherit elementor-widget-divider--view-line elementor-invisible elementor-widget elementor-widget-divider\" data-id=\"6ab98706\" data-element_type=\"widget\" data-e-type=\"widget\" data-settings=\"{&quot;_animation&quot;:&quot;fadeInLeft&quot;}\" data-widget_type=\"divider.default\">\n\t\t\t\t<div class=\"elementor-widget-container\">\n\t\t\t\t\t\t\t<div class=\"elementor-divider\">\n\t\t\t<span class=\"elementor-divider-separator\">\n\t\t\t\t\t\t<\/span>\n\t\t<\/div>\n\t\t\t\t\t\t<\/div>\n\t\t\t\t<\/div>\n\t\t\t\t<div class=\"elementor-element elementor-element-68070663 elementor-widget elementor-widget-text-editor\" data-id=\"68070663\" data-element_type=\"widget\" data-e-type=\"widget\" data-widget_type=\"text-editor.default\">\n\t\t\t\t<div class=\"elementor-widget-container\">\n\t\t\t\t\t\t\t\t\t<p data-start=\"52\" data-end=\"83\"><strong data-start=\"52\" data-end=\"66\">Portionen:<\/strong> F\u00fcr 4 Personen<\/p><h3 data-start=\"85\" data-end=\"98\">Zutaten<\/h3><ul data-start=\"99\" data-end=\"539\"><li data-start=\"99\" data-end=\"127\">600 g Cottage Cheese<\/li><li data-start=\"128\" data-end=\"206\">200 g Kartoffeln (vorgekocht, gew\u00fcrfelt)<\/li><li data-start=\"128\" data-end=\"206\">1 kg tiefgek\u00fchltes Kaisergem\u00fcse (z. B. Karotten, Blumenkohl, Brokkoli)<\/li><li data-start=\"207\" data-end=\"265\">70 g K\u00e4se (z. B. Gouda oder Emmentaler, am St\u00fcck)<\/li><li data-start=\"266\" data-end=\"280\">3 Eier<\/li><li data-start=\"281\" data-end=\"301\">100 ml Milch<\/li><li data-start=\"302\" data-end=\"341\">1 Zwiebel, gesch\u00e4lt, geviertelt<\/li><li data-start=\"342\" data-end=\"375\">1 Knoblauchzehe, gesch\u00e4lt<\/li><li data-start=\"376\" data-end=\"393\">2 EL Mehl<\/li><li data-start=\"394\" data-end=\"411\">1 TL Salz<\/li><li data-start=\"412\" data-end=\"432\">\u00bd TL Pfeffer<\/li><li data-start=\"433\" data-end=\"456\">\u00bd TL Muskatnuss<\/li><li data-start=\"457\" data-end=\"472\">1 EL \u00d6l<\/li><li data-start=\"473\" data-end=\"539\">Frische Kr\u00e4uter nach Wahl (z. B. Petersilie, Schnittlauch)<\/li><\/ul><h3 data-start=\"541\" data-end=\"558\">Zubereitung<\/h3><ol><li data-start=\"563\" data-end=\"698\"><strong data-start=\"589\" data-end=\"603\">70 g K\u00e4se<\/strong> in den Mixtopf geben und <strong data-start=\"629\" data-end=\"647\">8 Sek.\/Stufe 7<\/strong> zerkleinern.<br data-start=\"660\" data-end=\"663\" \/>Umf\u00fcllen und beiseite stellen.<\/li><li data-start=\"703\" data-end=\"970\"><strong data-start=\"752\" data-end=\"778\">1 Zwiebel (geviertelt)<\/strong> und <strong data-start=\"783\" data-end=\"802\">1 Knoblauchzehe<\/strong> in den Mixtopf geben und <strong data-start=\"828\" data-end=\"846\">5 Sek.\/Stufe 5<\/strong> zerkleinern.<br data-start=\"859\" data-end=\"862\" \/>Mit dem Spatel nach unten schieben.<\/li><li data-start=\"703\" data-end=\"970\"><strong data-start=\"906\" data-end=\"917\">1 EL \u00d6l<\/strong> hinzuf\u00fcgen und <strong data-start=\"933\" data-end=\"957\" data-is-only-node=\"\">3 Min.\/120\u00b0C\/Stufe 1<\/strong> and\u00fcnsten.<\/li><li data-start=\"975\" data-end=\"1361\">Direkt in den Mixtopf zu Zwiebel und Knoblauch geben:<br data-start=\"1051\" data-end=\"1054\" \/><strong data-start=\"1057\" data-end=\"1067\">3 Eier<\/strong>, <strong data-start=\"1069\" data-end=\"1085\">100 ml Milch<\/strong>, <strong data-start=\"1087\" data-end=\"1100\">2 EL Mehl<\/strong>, <strong data-start=\"1102\" data-end=\"1115\">1 TL Salz<\/strong>, <strong data-start=\"1117\" data-end=\"1133\">\u00bd TL Pfeffer<\/strong>, <strong data-start=\"1135\" data-end=\"1154\" data-is-only-node=\"\">\u00bd TL Muskatnuss<\/strong>.<\/li><li data-start=\"975\" data-end=\"1361\"><strong data-start=\"1161\" data-end=\"1180\">15 Sek.\/Stufe 3<\/strong> verr\u00fchren, bis eine gleichm\u00e4\u00dfige Masse entsteht.<\/li><li data-start=\"975\" data-end=\"1361\"><strong data-start=\"1235\" data-end=\"1259\">600 g Cottage Cheese<\/strong> hinzuf\u00fcgen und <strong data-start=\"1275\" data-end=\"1304\">10 Sek.\/Linkslauf\/Stufe 2<\/strong> unterr\u00fchren.<\/li><li data-start=\"975\" data-end=\"1361\">Masse umf\u00fcllen und beiseite stellen.<\/li><li data-start=\"1366\" data-end=\"1632\"><strong data-start=\"1366\" data-end=\"1384\">Gem\u00fcse d\u00e4mpfen<\/strong><br data-start=\"1384\" data-end=\"1387\" \/><strong data-start=\"1390\" data-end=\"1425\">1 kg tiefgek\u00fchltes Kaisergem\u00fcse<\/strong> in den Varoma-Beh\u00e4lter geben.<\/li><li data-start=\"1366\" data-end=\"1632\"><strong data-start=\"1461\" data-end=\"1478\">1200 g Wasser<\/strong> in den Mixtopf geben, Varoma aufsetzen und <strong data-start=\"1522\" data-end=\"1548\">20 Min.\/Varoma\/Stufe 1<\/strong> d\u00e4mpfen.<\/li><li data-start=\"1366\" data-end=\"1632\">Das <strong>ged\u00e4mpfte Gem\u00fcse<\/strong> und <strong>200 g Kartoffeln (vorgekocht, gew\u00fcrfelt)<\/strong> direkt in eine eingefettete Auflaufform geben.<\/li><\/ol><h4>Auflauf zubereiten<\/h4><ol><li data-start=\"1637\" data-end=\"1959\">Die vorbereitete Eier-Cottage-Cheese-Masse \u00fcber das Gem\u00fcse in die Auflaufform gie\u00dfen.<\/li><li data-start=\"1637\" data-end=\"1959\">Den vorbereiteten K\u00e4se gleichm\u00e4\u00dfig auf der Masse verteilen.<\/li><li data-start=\"1637\" data-end=\"1959\">Im vorgeheizten Ofen bei <strong data-start=\"1846\" data-end=\"1874\">180\u00b0C (Ober-\/Unterhitze)<\/strong> f\u00fcr <strong data-start=\"1879\" data-end=\"1900\">ca. 30\u201335 Minuten<\/strong> backen, bis der Auflauf fest und der K\u00e4se goldbraun ist.<\/li><\/ol>\t\t\t\t\t\t\t\t<\/div>\n\t\t\t\t<\/div>\n\t\t\t\t<\/div>\n\t\t\t\t<\/div>\n\t\t","protected":false},"excerpt":{"rendered":"<p>Cottage Cheese Gem\u00fcseauflauf (Thermomix TM 6) Portionen: F\u00fcr 4 Personen Zutaten 600 g Cottage Cheese 200 g Kartoffeln (vorgekocht, gew\u00fcrfelt) 1 kg tiefgek\u00fchltes Kaisergem\u00fcse (z. B. Karotten, Blumenkohl, Brokkoli) 70 g K\u00e4se (z. B. Gouda oder Emmentaler, am St\u00fcck) 3 Eier 100 ml Milch 1 Zwiebel, gesch\u00e4lt, geviertelt 1 Knoblauchzehe, gesch\u00e4lt 2 EL Mehl 1 [&hellip;]<\/p>\n","protected":false},"author":1,"featured_media":0,"parent":9,"menu_order":0,"comment_status":"closed","ping_status":"closed","template":"elementor_header_footer","meta":{"footnotes":""},"class_list":["post-1018","page","type-page","status-publish","hentry"],"_links":{"self":[{"href":"http:\/\/merely-labeled.com\/index.php?rest_route=\/wp\/v2\/pages\/1018","targetHints":{"allow":["GET"]}}],"collection":[{"href":"http:\/\/merely-labeled.com\/index.php?rest_route=\/wp\/v2\/pages"}],"about":[{"href":"http:\/\/merely-labeled.com\/index.php?rest_route=\/wp\/v2\/types\/page"}],"author":[{"embeddable":true,"href":"http:\/\/merely-labeled.com\/index.php?rest_route=\/wp\/v2\/users\/1"}],"replies":[{"embeddable":true,"href":"http:\/\/merely-labeled.com\/index.php?rest_route=%2Fwp%2Fv2%2Fcomments&post=1018"}],"version-history":[{"count":10,"href":"http:\/\/merely-labeled.com\/index.php?rest_route=\/wp\/v2\/pages\/1018\/revisions"}],"predecessor-version":[{"id":1953,"href":"http:\/\/merely-labeled.com\/index.php?rest_route=\/wp\/v2\/pages\/1018\/revisions\/1953"}],"up":[{"embeddable":true,"href":"http:\/\/merely-labeled.com\/index.php?rest_route=\/wp\/v2\/pages\/9"}],"wp:attachment":[{"href":"http:\/\/merely-labeled.com\/index.php?rest_route=%2Fwp%2Fv2%2Fmedia&parent=1018"}],"curies":[{"name":"wp","href":"https:\/\/api.w.org\/{rel}","templated":true}]}}